est common factor of 620 and 880?
20
Calculate the highest common factor of 58 and 2726.
58
What is the greatest common divisor of 14 and 826?
14
Calculate the highest common factor of 320 and 2320.
80
What is the highest common factor of 589 and 38?
19
Calculate the greatest common divisor of 2678 and 26.
26
What is the greatest common divisor of 1440 and 135?
45
Calculate the greatest common divisor of 140 and 130.
10
What is the greatest common factor of 14 and 133?
7
What is the greatest common divisor of 18 and 333?
9
What is the highest common divisor of 950 and 50?
50
What is the highest common divisor of 64 and 64?
64
Calculate the greatest common divisor of 296 and 4588.
148
Calculate the greatest common factor of 3243 and 235.
47
Calculate the greatest common divisor of 28 and 343.
7
Calculate the highest common divisor of 258 and 78.
6
What is the greatest common factor of 12 and 244?
4
What is the highest common divisor of 42 and 4902?
6
What is the highest common factor of 76506 and 246?
246
Calculate the highest common factor of 1876 and 140.
28
Calculate the highest common factor of 310 and 10.
10
Calculate the greatest common divisor of 91 and 14833.
91
What is the greatest common factor of 231 and 21?
21
What is the greatest common factor of 290 and 70?
10
Calculate the highest common divisor of 137 and 1.
1
Calculate the greatest common factor of 12 and 26844.
12
What is the highest common divisor of 850 and 85?
85
What is the highest common factor of 3036 and 69?
69
Calculate the highest common divisor of 56 and 424.
8
What is the greatest common divisor of 39 and 741?
39
Calculate the greatest common factor of 1227 and 3.
3
Calculate the greatest common divisor of 784 and 40.
8
What is the greatest common factor of 34 and 10?
2
What is the greatest common factor of 1400 and 1540?
140
What is the highest common divisor of 32595 and 212?
53
Calculate the greatest common factor of 153 and 408.
51
What is the greatest common divisor of 152 and 190?
38
What is the highest common factor of 196 and 3234?
98
Calculate the greatest common divisor of 12 and 294.
6
Calculate the greatest common factor of 448 and 100.
4
What is the greatest common factor of 60 and 764?
4
Calculate the highest common factor of 16 and 52.
4
What is the greatest common factor of 3 and 4449?
3
What is the highest common divisor of 704 and 112?
16
What is the greatest common factor of 112 and 12460?
28
Calculate the highest common factor of 34 and 6613.
17
What is the highest common factor of 35 and 315?
35
Calculate the highest common divisor of 22627 and 121.
121
What is the greatest common factor of 12168 and 288?
72
Calculate the greatest common factor of 1750 and 35.
35
Calculate the greatest common divisor of 576 and 54.
18
Calculate the greatest common divisor of 42 and 1536.
6
What is the highest common factor of 54 and 108?
54
What is the greatest common divisor of 486 and 297?
27
Calculate the highest common divisor of 285 and 15.
15
Calculate the highest common divisor of 240 and 1515.
15
What is the highest common factor of 120 and 435?
15
Calculate the greatest common divisor of 3878 and 42.
14
What is the greatest common divisor of 15 and 10445?
5
Calculate the highest common divisor of 984 and 82.
82
Calculate the highest common factor of 620 and 4495.
155
Calculate the greatest common divisor of 48 and 2502.
6
Calculate the highest common factor of 202 and 909.
101
What is the highest common factor of 162 and 2538?
54
What is the highest common factor of 72 and 87?
3
What is the greatest common divisor of 7925 and 25?
25
What is the greatest common divisor of 1260 and 350?
70
What is the greatest common divisor of 1044 and 117?
9
Calculate the greatest common divisor of 2250 and 250.
250
What is the greatest common divisor of 143 and 1056?
11
Calculate the greatest common divisor of 1455 and 120.
15
Calculate the highest common divisor of 5088 and 240.
48
What is the greatest common divisor of 12 and 1458?
6
What is the highest common factor of 334 and 4?
2
Calculate the highest common divisor of 133 and 28.
7
Calculate the greatest common factor of 414 and 54.
18
What is the highest common divisor of 142 and 1207?
71
Calculate the greatest common factor of 24 and 296.
8
Calculate the highest common factor of 85 and 10744.
17
What is the greatest common factor of 8 and 648?
8
Calculate the greatest common factor of 234 and 738.
18
Calculate the highest common factor of 2714 and 782.
46
Calculate the greatest common divisor of 28 and 44324.
28
What is the greatest common divisor of 5 and 2315?
5
Calculate the greatest common factor of 25 and 1895.
5
Calculate the greatest common divisor of 4230 and 90.
90
Calculate the highest common divisor of 72 and 171.
9
What is the greatest common factor of 330 and 13695?
165
What is the greatest common divisor of 225 and 125?
25
What is the highest common factor of 23 and 43194?
23
Calculate the highest common divisor of 14 and 3178.
14
What is the highest common divisor of 2070 and 90?
90
What is the highest common divisor of 121 and 22?
11
What is the greatest common divisor of 37 and 407?
37
What is the greatest common divisor of 575 and 115?
115
Calculate the highest common divisor of 21 and 119.
7
What is the greatest common divisor of 19089 and 606?
303
Calculate the greatest common factor of 363 and 1056.
33
What is the greatest common factor of 667 and 23?
23
What is the greatest common factor of 1616 and 16?
16
What is the greatest common factor of 48 and 1072?
16
What is the greatest common factor of 14617 and 47?
47
Calculate the greatest common divisor of 465 and 93.
93
Calculate the highest common factor of 108 and 1998.
54
Calculate the highest common divisor of 35 and 25.
5
What is the highest common divisor of 36 and 100?
4
Calculate the highest common divisor of 779 and 38.
19
Calculate the highest common factor of 5090 and 10.
10
What is the greatest common factor of 23 and 4?
1
What is the greatest common divisor of 42406 and 14?
14
What is the greatest common divisor of 496 and 192?
16
Calculate the greatest common factor of 1173 and 731.
17
Calculate the greatest common factor of 34 and 918.
34
What is the greatest common divisor of 1792 and 32?
32
What is the highest common divisor of 770 and 28?
14
What is the greatest common divisor of 71810 and 86?
86
Calculate the highest common factor of 342 and 18.
18
Calculate the highest common factor of 5325 and 175.
25
What is the greatest common divisor of 195 and 75?
15
What is the greatest common factor of 41624 and 344?
344
What is the highest common divisor of 268 and 48?
4
Calculate the greatest common divisor of 15 and 4.
1
Calculate the highest common divisor of 31246 and 34.
34
What is the greatest common factor of 17013 and 159?
159
What is the greatest common divisor of 100 and 436?
4
What is the greatest common divisor of 4 and 6?
2
Calculate the greatest common divisor of 176 and 33.
11
Calculate the highest common factor of 19 and 152.
19
What is the highest common divisor of 5 and 1555?
5
Calculate the highest common divisor of 14 and 1631.
7
What is the highest common factor of 8909 and 236?
59
Calculate the greatest common divisor of 198 and 88.
22
Calculate the highest common factor of 23 and 46.
23
Calculate the greatest common factor of 468 and 4.
4
What is the highest common divisor of 7 and 1?
1
Calculate the greatest common divisor of 77 and 42.
7
Calculate the highest common divisor of 2702 and 119.
7
Calculate the greatest common factor of 414 and 306.
18
What is the greatest common divisor of 50 and 1990?
10
What is the greatest common factor of 72 and 693?
9
Calculate the greatest common divisor of 93 and 11811.
93
What is the greatest common factor of 125 and 305?
5
Calculate the highest common divisor of 30 and 726.
6
Calculate the greatest common factor of 1112 and 8.
8
Calculate the greatest common factor of 210 and 42.
42
Calculate the highest common divisor of 215 and 25585.
215
What is the greatest common factor of 130 and 13910?
130
What is the highest common factor of 14 and 8?
2
Calculate the greatest common factor of 287 and 56.
7
Calculate the greatest common divisor of 216 and 1188.
108
Calcula